{"id":74,"date":"2014-08-10T22:32:42","date_gmt":"2014-08-10T19:32:42","guid":{"rendered":"http:\/\/akayogrenciyurtlari.com\/kizyeni\/?page_id=74"},"modified":"2020-08-24T21:52:50","modified_gmt":"2020-08-24T18:52:50","slug":"sss","status":"publish","type":"page","link":"https:\/\/akayogrenciyurtlari.com\/erkek\/sss\/","title":{"rendered":"SSS"},"content":{"rendered":"<p><strong>1- Yurt kapasitesi ve odalar ka\u00e7 ki\u015fiden olu\u015fmaktad\u0131r?<\/strong><\/p>\n<p>Yurdumuzun toplam kapasitesi 115 olup; Bir, iki \u00fc\u00e7, d\u00f6rt ve alt\u0131 ki\u015filik odalar\u0131m\u0131z mevcuttur.<\/p>\n<p><strong>2- Giri\u015f-\u00e7\u0131k\u0131\u015f kontrol\u00fc nas\u0131l yap\u0131lmaktad\u0131r? Ak\u015famlar\u0131 imza atma mecburiyeti var m\u0131?<\/strong><\/p>\n<p>Giri\u015f-\u00e7\u0131k\u0131\u015f kontrol\u00fc parmak izi sistemi ve geli\u015fmi\u015f teknolojilerden y\u00fcz tan\u0131ma sistemi arac\u0131l\u0131\u011f\u0131 ile, bilgisayar ortam\u0131nda yap\u0131lmaktad\u0131r bu y\u00fczden imza atma mecburiyeti yoktur. B\u00f6ylece \u00f6\u011frencilerimiz ve personelimiz d\u0131\u015f\u0131nda i\u00e7eri kimse girememektedir.<\/p>\n<p><strong>3- G\u00fcr\u00fclt\u00fc ederek arkada\u015flar\u0131n\u0131 rahats\u0131z eden \u00f6\u011frenciler i\u00e7in\u00a0ne t\u00fcr m\u00fceyyideler uygulanmaktad\u0131r?<\/strong><\/p>\n<p>Arkada\u015flar\u0131n\u0131 rahats\u0131z eden \u00f6\u011frenciler \u00f6nce s\u00f6zl\u00fc, daha sonra yaz\u0131l\u0131 olarak uyar\u0131l\u0131rlar. E\u011fer bu t\u00fcr davran\u0131\u015flar\u0131na son vermezlerse \u00d6zel \u00d6\u011frenci Yurtlar\u0131 Y\u00f6netmeli\u011fi\u2019ne g\u00f6re haklar\u0131nda disiplin soru\u015fturmas\u0131 a\u00e7\u0131l\u0131r ve davran\u0131\u015f\u0131n\u0131n kar\u015f\u0131l\u0131\u011f\u0131 olan disiplin cezas\u0131 verilir. E\u011fer \u00f6\u011frenci \u00e7evresini rahats\u0131z etmeye devam ediyorsa s\u00f6zle\u015fmesi feshedilir.<\/p>\n<p><strong>4- Yurda gelirken ne getirmeliyim?<\/strong><\/p>\n<p>Odalar\u0131m\u0131zda, yatak,baza,\u00e7al\u0131\u015fma masas\u0131 ve sandalyesi, yast\u0131k ve yorgan mevcuttur. Gelirken ki\u015fisel nevresim tak\u0131m\u0131, \u00f6zel e\u015fyalar\u0131n\u0131z ve sa\u00e7 kurutma makinenizi getirmeniz yeterlidir. Pandemiden dolay\u0131 yast\u0131k ve yorganlar\u0131n\u0131z\u0131 getiriniz.<\/p>\n","protected":false},"excerpt":{"rendered":"<p>1- Yurt kapasitesi ve odalar ka\u00e7 ki\u015fiden olu\u015fmaktad\u0131r? Yurdumuzun toplam [&hellip;]<\/p>\n","protected":false},"author":1,"featured_media":0,"parent":0,"menu_order":0,"comment_status":"closed","ping_status":"open","template":"","meta":{"_joinchat":[],"footnotes":""},"class_list":["post-74","page","type-page","status-publish","hentry"],"yoast_head":"<!-- This site is optimized with the Yoast SEO Premium plugin v14.8.1 - https:\/\/yoast.com\/wordpress\/plugins\/seo\/ -->\n<title>SSS - Akay Erkek \u00d6\u011frenci Yurdu<\/title>\n<meta name=\"description\" content=\"Sakarya&#039;da \u00f6\u011frencilerimizin tercih etti\u011fi evi Akay \u00d6\u011frenci Yurtlar\u0131. A\u00e7\u0131k B\u00fcfe Kahvalt\u0131 Hotel konseptinde olup t\u00fcm hijyen kurallar\u0131na uygun \u015fekilde zengin bir a\u00e7\u0131k b\u00fcfe kahvalt\u0131m\u0131z, 7\/24 G\u00fcvenlik Hizmeti G\u00fcnd\u00fcz ve Gece m\u00fcd\u00fcrlerimizin kontrol\u00fcnde \u00f6\u011frencilerimiz t\u00fcm sorunlar\u0131yla 7\/24 ilgilenip her gece yoklama al\u0131narak siz de\u011ferli aileleri bilgilendirmekteyiz.\" \/>\n<meta name=\"robots\" content=\"index, follow\" \/>\n<meta name=\"googlebot\" content=\"index, follow, max-snippet:-1, max-image-preview:large, max-video-preview:-1\" \/>\n<meta name=\"bingbot\" content=\"index, follow, max-snippet:-1, max-image-preview:large, max-video-preview:-1\" \/>\n<link rel=\"canonical\" href=\"http:\/\/akayogrenciyurtlari.com\/erkek\/sss\/\" \/>\n<meta property=\"og:locale\" content=\"tr_TR\" \/>\n<meta property=\"og:type\" content=\"article\" \/>\n<meta property=\"og:title\" content=\"SSS - Akay Erkek \u00d6\u011frenci Yurdu\" \/>\n<meta property=\"og:description\" content=\"Sakarya&#039;da \u00f6\u011frencilerimizin tercih etti\u011fi evi Akay \u00d6\u011frenci Yurtlar\u0131. A\u00e7\u0131k B\u00fcfe Kahvalt\u0131 Hotel konseptinde olup t\u00fcm hijyen kurallar\u0131na uygun \u015fekilde zengin bir a\u00e7\u0131k b\u00fcfe kahvalt\u0131m\u0131z, 7\/24 G\u00fcvenlik Hizmeti G\u00fcnd\u00fcz ve Gece m\u00fcd\u00fcrlerimizin kontrol\u00fcnde \u00f6\u011frencilerimiz t\u00fcm sorunlar\u0131yla 7\/24 ilgilenip her gece yoklama al\u0131narak siz de\u011ferli aileleri bilgilendirmekteyiz.\" \/>\n<meta property=\"og:url\" content=\"http:\/\/akayogrenciyurtlari.com\/erkek\/sss\/\" \/>\n<meta property=\"og:site_name\" content=\"Akay Erkek \u00d6\u011frenci Yurdu\" \/>\n<meta property=\"article:modified_time\" content=\"2020-08-24T18:52:50+00:00\" \/>\n<meta name=\"twitter:card\" content=\"summary_large_image\" \/>\n<script type=\"application\/ld+json\" class=\"yoast-schema-graph\">{\"@context\":\"https:\/\/schema.org\",\"@graph\":[{\"@type\":\"WebSite\",\"@id\":\"https:\/\/akayogrenciyurtlari.com\/erkek\/#website\",\"url\":\"https:\/\/akayogrenciyurtlari.com\/erkek\/\",\"name\":\"Akay Erkek \\u00d6\\u011frenci Yurdu\",\"description\":\"\\u00d6zel Akay Erkek \\u00d6\\u011frenci Yurdu - Sakarya\",\"potentialAction\":[{\"@type\":\"SearchAction\",\"target\":\"https:\/\/akayogrenciyurtlari.com\/erkek\/?s={search_term_string}\",\"query-input\":\"required name=search_term_string\"}],\"inLanguage\":\"tr\"},{\"@type\":\"WebPage\",\"@id\":\"http:\/\/akayogrenciyurtlari.com\/erkek\/sss\/#webpage\",\"url\":\"http:\/\/akayogrenciyurtlari.com\/erkek\/sss\/\",\"name\":\"SSS - Akay Erkek \\u00d6\\u011frenci Yurdu\",\"isPartOf\":{\"@id\":\"https:\/\/akayogrenciyurtlari.com\/erkek\/#website\"},\"datePublished\":\"2014-08-10T19:32:42+00:00\",\"dateModified\":\"2020-08-24T18:52:50+00:00\",\"description\":\"Sakarya'da \\u00f6\\u011frencilerimizin tercih etti\\u011fi evi Akay \\u00d6\\u011frenci Yurtlar\\u0131. A\\u00e7\\u0131k B\\u00fcfe Kahvalt\\u0131 Hotel konseptinde olup t\\u00fcm hijyen kurallar\\u0131na uygun \\u015fekilde zengin bir a\\u00e7\\u0131k b\\u00fcfe kahvalt\\u0131m\\u0131z, 7\/24 G\\u00fcvenlik Hizmeti G\\u00fcnd\\u00fcz ve Gece m\\u00fcd\\u00fcrlerimizin kontrol\\u00fcnde \\u00f6\\u011frencilerimiz t\\u00fcm sorunlar\\u0131yla 7\/24 ilgilenip her gece yoklama al\\u0131narak siz de\\u011ferli aileleri bilgilendirmekteyiz.\",\"inLanguage\":\"tr\",\"potentialAction\":[{\"@type\":\"ReadAction\",\"target\":[\"http:\/\/akayogrenciyurtlari.com\/erkek\/sss\/\"]}]}]}<\/script>\n<!-- \/ Yoast SEO Premium plugin. -->","_links":{"self":[{"href":"https:\/\/akayogrenciyurtlari.com\/erkek\/wp-json\/wp\/v2\/pages\/74","targetHints":{"allow":["GET"]}}],"collection":[{"href":"https:\/\/akayogrenciyurtlari.com\/erkek\/wp-json\/wp\/v2\/pages"}],"about":[{"href":"https:\/\/akayogrenciyurtlari.com\/erkek\/wp-json\/wp\/v2\/types\/page"}],"author":[{"embeddable":true,"href":"https:\/\/akayogrenciyurtlari.com\/erkek\/wp-json\/wp\/v2\/users\/1"}],"replies":[{"embeddable":true,"href":"https:\/\/akayogrenciyurtlari.com\/erkek\/wp-json\/wp\/v2\/comments?post=74"}],"version-history":[{"count":0,"href":"https:\/\/akayogrenciyurtlari.com\/erkek\/wp-json\/wp\/v2\/pages\/74\/revisions"}],"wp:attachment":[{"href":"https:\/\/akayogrenciyurtlari.com\/erkek\/wp-json\/wp\/v2\/media?parent=74"}],"curies":[{"name":"wp","href":"https:\/\/api.w.org\/{rel}","templated":true}]}}